{"id":156,"date":"2022-05-30T01:04:49","date_gmt":"2022-05-30T01:04:49","guid":{"rendered":"https:\/\/www.pontesdeamor.org.br\/portal\/?post_type=product&#038;p=156"},"modified":"2026-05-02T06:48:48","modified_gmt":"2026-05-02T09:48:48","slug":"camiseta-pontes-de-amor","status":"publish","type":"product","link":"https:\/\/www.pontesdeamor.org.br\/portal\/produto\/camiseta-pontes-de-amor\/","title":{"rendered":"Camiseta Pontes de Amor"},"content":{"rendered":"<p>Camisetas ou Baby Look. Frente: &#8220;Adoption is Love&#8221;, verso: logo Pontes de Amor.<\/p>\n<p>Material: Malha Fria &#8211; poli\u00e9ster<\/p>\n<p><span style=\"color: #ffff00;\"><strong>*Informamos que, por quest\u00f5es de log\u00edstica, os produtos podem levar at\u00e9 60 dias para chegarem ao destino. Agradecemos a compreens\u00e3o.<\/strong><\/span><\/p>\n","protected":false},"excerpt":{"rendered":"<p>Camisetas ou Baby Look. Frente: &#8220;Adoption is Love&#8221;, verso: logo Pontes de Amor.<\/p>\n<p>Material: Malha Fria &#8211; poli\u00e9ster<\/p>\n<p><span style=\"color: #ffff00;\"><strong>*Informamos que, por quest\u00f5es de log\u00edstica, os produtos podem levar at\u00e9 60 dias para chegarem ao destino. Agradecemos a compreens\u00e3o.<\/strong><\/span><\/p>\n","protected":false},"featured_media":742,"comment_status":"open","ping_status":"closed","template":"","meta":[],"product_brand":[],"product_cat":[20],"product_tag":[],"class_list":{"0":"post-156","1":"product","2":"type-product","3":"status-publish","4":"has-post-thumbnail","6":"product_cat-vestuario","8":"first","9":"instock","10":"sale","11":"shipping-taxable","12":"purchasable","13":"product-type-variable"},"a3_pvc":{"activated":false,"total_views":0,"today_views":0},"_links":{"self":[{"href":"https:\/\/www.pontesdeamor.org.br\/portal\/wp-json\/wp\/v2\/product\/156","targetHints":{"allow":["GET"]}}],"collection":[{"href":"https:\/\/www.pontesdeamor.org.br\/portal\/wp-json\/wp\/v2\/product"}],"about":[{"href":"https:\/\/www.pontesdeamor.org.br\/portal\/wp-json\/wp\/v2\/types\/product"}],"replies":[{"embeddable":true,"href":"https:\/\/www.pontesdeamor.org.br\/portal\/wp-json\/wp\/v2\/comments?post=156"}],"wp:featuredmedia":[{"embeddable":true,"href":"https:\/\/www.pontesdeamor.org.br\/portal\/wp-json\/wp\/v2\/media\/742"}],"wp:attachment":[{"href":"https:\/\/www.pontesdeamor.org.br\/portal\/wp-json\/wp\/v2\/media?parent=156"}],"wp:term":[{"taxonomy":"product_brand","embeddable":true,"href":"https:\/\/www.pontesdeamor.org.br\/portal\/wp-json\/wp\/v2\/product_brand?post=156"},{"taxonomy":"product_cat","embeddable":true,"href":"https:\/\/www.pontesdeamor.org.br\/portal\/wp-json\/wp\/v2\/product_cat?post=156"},{"taxonomy":"product_tag","embeddable":true,"href":"https:\/\/www.pontesdeamor.org.br\/portal\/wp-json\/wp\/v2\/product_tag?post=156"}],"curies":[{"name":"wp","href":"https:\/\/api.w.org\/{rel}","templated":true}]}}